uppose z - 8 - 8 = 0. Let f = z - 10. What is the greatest common divisor of l and f?
6
Let g = -10 - -3. Let k = g + 18. What is the greatest common divisor of 44 and k?
11
Let k(z) = z - 7. Let o be k(9). Let a = -2 + 6. Calculate the highest common factor of o and a.
2
Let z be (-6)/(1 + (-3 - -4)). Let s be z/6 - 34/(-4). Suppose -111 - 17 = -4*q. Calculate the highest common factor of s and q.
8
Let b = 9 - -13. Suppose 5*g = 4*g - 4*f + 2, -2*f = -4*g + 98. Calculate the highest common divisor of g and b.
22
Let y = 26 + 3. Let o(s) = s**3 - 5*s**2 + 3*s - 3. Let r be o(6). Suppose 2*q - y - r = 0. Calculate the greatest common factor of 8 and q.
8
Let d(r) = -r**2 + r + 4. Let g be d(3). Let b be (-24*3)/(-3) - g. Calculate the greatest common divisor of b and 39.
13
Suppose 0*a + 47 = -3*a + 5*g, 4*a - 5*g = -66. Let c = -8 - a. Calculate the greatest common factor of c and 44.
11
Suppose -5*n - 2*y = -4*y - 83, 0 = 5*n + 3*y - 63. Let a = n + -13. What is the highest common factor of 10 and a?
2
Let p(r) = -2*r + 18. Let z be p(0). Calculate the highest common divisor of 9 and z.
9
Let z(d) = -2*d - 1. Let v be z(2). Let x(p) = 2*p - 7*p - p**2 - p + 0*p**2. Let w be x(v). Calculate the highest common factor of w and 25.
5
Let p be (2 + 10)*(-225)/(-10). Calculate the greatest common divisor of p and 108.
54
Suppose w = -u + 48 + 42, 346 = 4*u - 3*w. Suppose -7*h + 21*h - 154 = 0. Calculate the greatest common factor of h and u.
11
Let y be (-26 - 2)*3/(-4). What is the greatest common factor of y and 3?
3
Let b = -6 + 18. Let g be ((-4)/b)/(1/(-99)). Calculate the greatest common divisor of g and 22.
11
Let h be (-3)/9 + (-1160)/(-15). What is the greatest common factor of 11 and h?
11
Suppose 4*h - 8 = 0, 4*c - 3*h - 96 = h. What is the greatest common factor of 52 and c?
26
Suppose -1 - 1 = -l. Suppose 3*m - 540 = -l*m. Suppose 3*d - 36 = m. What is the greatest common divisor of d and 12?
12
Let k(h) = -h**3 - h + 12. Let t be k(0). Let i = -343 - -498. Let r = i - 95. Calculate the highest common divisor of t and r.
12
Let j(a) = 3*a**2 - 14*a - 24. Let d be j(-2). Suppose -384 = -6*h + 3*h. What is the greatest common divisor of d and h?
16
Suppose -8*z + 2*z = -90. Calculate the highest common factor of 30 and z.
15
Suppose -9*i + 232 = -200. Calculate the highest common factor of 336 and i.
48
Let n(i) = i**2 + 7*i - 28. Let v be n(-10). Suppose -q = 2*q - 30. Let d = q + -2. Calculate the highest common divisor of d and v.
2
Let p(l) = l**3 + 7*l**2 + 5*l. Let c be p(-6). Let f be (-4)/(1/2*1). Let m be (-10)/f*(15 - 3). What is the highest common factor of c and m?
3
Let u = -78 + 133. Suppose 5 = 3*h - 10. What is the highest common factor of h and u?
5
Let n be 23 + 0*3/9. Let r = -18 + n. What is the greatest common factor of 20 and r?
5
Let n = -82 - -148. Calculate the highest common divisor of 6 and n.
6
Let p be (10 + -2)/(1 + -3). Let v be 10/p*(-12)/2. Calculate the greatest common divisor of 5 and v.
5
Let g be 2/(((-24)/(-1628))/3). Let l = g + -147. Calculate the highest common factor of l and 26.
26
Let q(a) = a**3 + 3*a**2 - 2*a - 3. Let h be q(-3). Suppose f - 10 = -f, -f - 37 = -h*z. What is the greatest common divisor of 112 and z?
14
Let w be 3 - 2 - (2 - -1). Let j be -1 - (1 + w) - -4. Calculate the greatest common divisor of j and 6.
2
Suppose -5*k + 27 = -23. What is the highest common divisor of 20 and k?
10
Let z(k) = -k**2 - 19*k + 44. Let h be z(-21). What is the highest common divisor of h and 18?
2
Let t be -3 + (20/2)/2. Let i(x) = x**3 + 8*x**2 + t*x - 2 + 6*x**3 - 6*x**3. Let l be i(-7). What is the highest common factor of 22 and l?
11
Suppose -4*v = 2*v - 18. Let p = -9 + 5. Let m be p + v + 14/1. Calculate the greatest common divisor of 13 and m.
13
Let y = -7 + 9. Let p = y - 0. Suppose -p*l + 5*l = 30. What is the highest common divisor of l and 25?
5
Let l be ((-10)/4 + 2)/((-4)/768). What is the greatest common factor of l and 24?
24
Suppose -10*b + 11*b = 2*v - 46, v - 23 = 2*b. Suppose 2*z - 7*z + 115 = 0. What is the greatest common factor of v and z?
23
Let z(j) be the third derivative of 4*j**5/5 - j**4/8 + j**3/2 - 3*j**2. Let b be z(2). What is the highest common factor of b and 21?
21
Suppose -3*c + 40 = 13. Calculate the highest common factor of c and 3.
3
Suppose -j + 5 = 1. Calculate the greatest common divisor of j and 4.
4
Let k be (-4)/(-8) + (-81)/(-6). What is the greatest common divisor of 42 and k?
14
Let t = 6 + -1. Suppose -4*y + 2*q + 22 = q, 0 = 4*y + t*q - 10. Calculate the highest common factor of y and 55.
5
Let v = 210 + -30. Calculate the greatest common factor of 20 and v.
20
Suppose 0 = -4*b - 4, -v - 3 = 4*b + b. Suppose 2*g + 3*r - 13 = -0*g, g = -v*r + 8. Calculate the highest common factor of 1 and g.
1
Suppose 9*l - 58 - 14 = 0. Calculate the highest common factor of 2 and l.
2
Let a = 134 + 10. What is the highest common factor of a and 16?
16
Suppose -5*w - 5 = 80. Let l = w - -33. Calculate the highest common divisor of l and 8.
8
Suppose 74 = 3*a - a. Suppose -5*c = 4*l - 224, 5*l + 31 = c - a. What is the highest common factor of c and 32?
16
Let k be (-15)/(-2)*(-4)/(-5). Suppose -3*o + 0*q - 2*q = -k, -5*o + 14 = 2*q. Let r be (-212)/(-6) - (-16)/24. What is the greatest common factor of r and o?
4
Let o be -2*2/(4/(-6)). Let h be 22/6 - (-2)/o. Let f = 746 + -745. Calculate the highest common divisor of f and h.
1
Let i = 21 - -42. Let j be (-15)/((i/(-6))/7). Calculate the greatest common divisor of 4 and j.
2
Suppose -412 + 6 = -7*u. What is the highest common factor of 29 and u?
29
Let j be ((-1)/1)/((-3)/156*4). Suppose -d - 2*q = -0*d + 8, -2*d + 3*q = -12. Let f be 234/2 - (d + 0). What is the greatest common factor of f and j?
13
Suppose 3*b = 3, 3*p + 2 - 4 = b. What is the greatest common divisor of 7 and p?
1
Let j = -38 + 20. Let r = j - -32. What is the highest common divisor of r and 70?
14
Suppose -9 - 42 = -3*n. Calculate the highest common divisor of n and 204.
17
Suppose 3 = -2*z + 3*z + 4*d, -5*z = -2*d - 81. Let f = 32 + -22. What is the highest common factor of f and z?
5
Suppose -2*h + 5 = 5*w - 18, -5*w - 4*h = -21. Let m(q) = 2*q**2 - 3*q - 7. Let j be m(w). Calculate the highest common factor of 7 and j.
7
Suppose -y + 4*y = 0. Suppose -2*l - 4 = y, -p + l = -4*l - 14. What is the highest common divisor of p and 1?
1
Let r(b) be the second derivative of 43*b**3/6 - b**2/2 + 5*b. Let m be r(1). Calculate the highest common divisor of 28 and m.
14
Suppose 5 = -w + 7. Suppose 0 = w*g - 3*g + 258. Suppose -4*j + 8*j - g = 2*c, 0 = 4*j + 2*c - 246. What is the highest common factor of j and 9?
9
Let r = 2 + 1. Let z(s) = -r*s - s**2 + 0*s**3 + s - 6*s**3. Let f be z(-2). Calculate the greatest common divisor of 8 and f.
8
Let j(p) = p**2 + p + 22. Let t be j(0). Calculate the highest common divisor of t and 55.
11
Suppose -4*f + 4*o = 78 - 202, -4*f - o + 129 = 0. Calculate the greatest common factor of f and 48.
16
Let f(r) = -29*r - 14. Let o be f(-6). Calculate the greatest common divisor of 16 and o.
16
Let r be 700/(-30)*(-3)/2. What is the greatest common divisor of 5 and r?
5
Suppose 191 = 2*f + 23. Suppose -2*u + 0 = 2*h - 14, 0 = u + 3*h + 3. Calculate the highest common divisor of f and u.
12
Let o(y) = y**2 + 2*y + 3. Suppose 0 = -c - 3 + 1. Let f be o(c). Calculate the highest common factor of 33 and f.
3
Suppose -520 = -6*b + 2*b. Calculate the highest common factor of 52 and b.
26
Suppose 2*h - 76 = -2*s, -h + 174 = 2*s + 3*s. What is the greatest common factor of s and 170?
34
Suppose -3*h = -5*m - 100, 4*h + 4*m - 51 - 61 = 0. Calculate the highest common divisor of 45 and h.
15
Suppose -4 - 8 = -l. Suppose -2*d + 0*z + 2*z + l = 0, z = -4*d + 24. Let a be 3/d - (-158)/4. What is the highest common factor of 8 and a?
8
Let n(s) = 28*s**2 + 3*s + 2. Let i be n(-3). Suppose 2*t - 7*t + i = 0. Calculate the highest common factor of t and 7.
7
Suppose 2*q - 4*j - 2 = 0, -4*j = 2*q + q - 13. Let n be (4/(-8) + (-6)/(-4))/1. What is the greatest common divisor of q and n?
1
Suppose -2*s - 5*q + 42 = 0, 12 = s - q - q. Suppose -3*v - 24 = -6*v. Calculate the highest common divisor of v and s.
8
Let t be 237/18 + (